8)/(-36))) + (-4)/18 prime?
True
Let k = -28091 - -93588. Is k composite?
False
Let z(p) = -p**3 - p + 1163. Suppose 6*d = -0 - 0. Is z(d) prime?
True
Let f(j) = -1202*j - 28. Let s be f(-11). Suppose 5*h + 0*h - 32983 = -3*z, -2*h + s = z. Is h composite?
False
Let p = -286 + 281. Is (-13613)/p + -7 + (-96)/(-15) prime?
False
Suppose -s + 3*s - 2 = -3*a, 5*a - 45 = 5*s. Let p(q) = -2*q + 11. Let f be p(s). Suppose c = -f + 554. Is c a prime number?
False
Suppose 2*i - 4*z - 255662 = 0, 164*i - 160*i - 511275 = z. Is i prime?
True
Let x(u) = -8*u**3 + 3*u**2 + 12*u + 3. Let i(z) = -8*z**3 + 3*z**2 + 13*z + 3. Let w(g) = -5*i(g) + 6*x(g). Let h = 1 + -6. Is w(h) a composite number?
True
Let l be ((-15)/(-10))/(1/(-10)) + -3. Let g be (l + 0)*(-8)/(-6)*-2. Is (-8591)/(-7) - (-2 - g/(-21)) a composite number?
True
Suppose 3*z + 2*w - 4 - 8 = 0, 4*w = -3*z + 12. Let b be ((-12)/z + 2)*-2. Suppose 3*l = -3*p + 444, b*p - 299 = -4*l + 1. Is p a composite number?
True
Let g(w) = -125*w + 3. Suppose -3*x - 5 = 5*c - 0*x, -2*x = c + 8. Let t be g(c). Let k = -36 - t. Is k composite?
False
Let k = -361 + 655. Let m = k + 1241. Is m prime?
False
Suppose -m - 11*m - 94092 = 0. Let c = 13150 + m. Is c prime?
True
Let x(b) = -6*b**3 - b**2 + 4. Let u be x(2). Let q = u - -58. Is (198/(-45))/((-2)/q) prime?
False
Suppose 26*u - 16*u + 14870 = 0. Is 10 + 1 + -17 - u/1 a prime number?
True
Let r be ((-3189)/2)/((-9)/24). Suppose -38*t - 96 = -324. Suppose r = -b + 5*b - 4*m, -3*m - t = 0. Is b a composite number?
False
Suppose -12*f - 343 = -13*f. Let r = f + 574. Is r a prime number?
False
Suppose 1 = r - 7. Let k(h) = 75 - 40*h + 10*h + r - 12. Is k(-16) composite?
True
Is ((-147)/(-28))/((-9)/(-4910604)) composite?
True
Let s(w) = 4*w**3 + 2*w**2. Let r be s(-2). Let d = 24 + r. Suppose -3*o - 5*m + 4180 = d, -5*m = o - 2*m - 1400. Is o prime?
False
Let i = 1705 + 12165. Suppose i = 6*k - 6392. Is k a composite number?
True
Suppose -33*p = -1636946 - 262435. Is p composite?
False
Let i(k) = k**3 - 3*k**2 + 4*k - 59. Let f = -47 - -55. Is i(f) composite?
False
Let b(a) = -53*a - 22. Let n(q) = q**2 + 6*q + 3. Let m be n(-4). Let o be b(m). Let k = o + 960. Is k prime?
False
Let v = 337590 - 199537. Is v composite?
False
Let w be 0*10/30 + 3. Is 1*(1 - w) - (-9441 - -68) a composite number?
False
Let y(v) = 163758*v**3 - 2*v**2 + 8*v + 2. Is y(1) a prime number?
False
Suppose -79*h - 4604214 = -120*h + 3046099. Is h prime?
False
Suppose 5*y - 13*a - 95 = -14*a, -3*y = a - 57. Suppose -46 = -y*f + 17*f. Is f prime?
True
Suppose -17880*x + 68469 = -17851*x. Is x composite?
True
Is 2*(-15 - -22 - (747658/(-4) - 2)) prime?
False
Suppose 34 = v + 24. Is (1/2 - (-25)/v) + 980 a composite number?
False
Is -17 + 1 + (-8843571)/(-9) a prime number?
True
Let b = -15 - -20. Let s be (b - -2)*12/14. Suppose -q = s*q - 357. Is q composite?
True
Let t = 327678 - -135259. Is t prime?
True
Let h be (24/14 - 2) + 11780/266. Let l = h - -2135. Is l prime?
True
Let i = -10877 - -25798. Is i composite?
True
Suppose -k - 126 = -4*k. Let b be -1*((-2)/4 - k/(-28)). Is (8 + 217/(-28))*(b - -509) a prime number?
True
Suppose 8*d = 2*d + 26988. Let l be (d/(-4 - -6))/((-2)/2). Let r = 4404 + l. Is r a composite number?
True
Let z = 11 + -6. Suppose -20 = -5*d + 5*r, -3*d - 4*r = -z*r - 16. Is 3/d + 0 - (-8799)/14 a prime number?
False
Suppose 2*t = -t - s - 1, -5*s = -3*t + 23. Let n be ((-153)/(-9))/(t/11). Suppose 5*m - 5*a = 1545, -2*a - n = -m + 117. Is m composite?
True
Let x(v) = -2 + 8 - 86*v - 18*v. Let p = 1423 + -1428. Is x(p) a prime number?
False
Suppose 7 = 3*k - 4*k. Let q = k - 13. Is 7984/q*(-15)/6 prime?
False
Let m be (-1 - -6)/(-10)*-14. Suppose -18504 = -16*f + m*f. Suppose 4108 = 2*n - 2*b, 3*b = -n + 2*n - f. Is n a prime number?
True
Is 431201/((12 - 28) + 17) a composite number?
True
Suppose -53*k + 89*k - 5044502 = -50*k. Is k prime?
True
Let f(q) = 185*q - 6981. Is f(38) a composite number?
True
Let p(q) = 2*q**2 - 6*q + 58. Let v be p(-20). Is (-7)/(6 + (-5874)/v) composite?
True
Let u(g) = -g**3 + 28*g**2 + 180*g + 67. Is u(32) a composite number?
True
Suppose 3*i + i = -2*f + 160646, 3*f = 3*i - 120462. Is i composite?
True
Suppose -3*t + 2*j = -280, -2*t + 8*j = 7*j - 188. Suppose 103*x = t*x + 16331. Is x a composite number?
False
Let x(o) = 409791*o + 2663. Is x(6) a composite number?
False
Let q(l) = 28*l**3 + 8*l**2 - 21*l + 101. Is q(18) a composite number?
False
Let z be 21*((-183100)/(-12))/5. Suppose z = -99*b + 106*b. Is b a prime number?
False
Let s be 2/(-4)*(279851 - 12/4). Is s/(-32) + 6/16 a prime number?
True
Let h be -16*3*(-43)/(-129). Let g(q) = 5*q**2 + 17*q - 67. Is g(h) a composite number?
False
Let q be 56/(-42) + 2/6. Let m(d) = -7*d - 5. Let z be m(q). Let g(i) = 30*i**3 - 2*i**2 + 2*i + 1. Is g(z) a prime number?
False
Let f be 26 - 28 - (-2 + (-647 - 0)). Let l = f + 242. Is l prime?
False
Let h be 18/30 - 0 - (-2564)/10. Let y(v) = -2 + 3 - 3 + h*v**2 - 3*v - v. Is y(-1) a prime number?
False
Let d(q) = 21*q**3 + 2*q**2 + 12*q + 29. Is d(10) prime?
False
Let u(g) = -g**3 + 8*g**2. Suppose c = 2*j - 19, -j + 2*j + 4*c = -4. Let x be u(j). Suppose 36*w - 33*w - 75 = x. Is w prime?
False
Let v = 113 - -139. Let x = 259 - 30. Let a = x + v. Is a a prime number?
False
Let w(s) = s**3 + 123*s**2 + 112*s + 187. Is w(-78) prime?
True
Let u(x) = -x**2 - 45*x - 33. Let s = -589 + 554. Is u(s) a prime number?
True
Let q be (-3 + 9/(-27))*(-18)/5. Suppose -4*f + 28 = 4*l, 4*f - 13 = -3*l + q. Suppose l*v + 3*a - 4638 = -0*a, 4*a = 5*v - 7685. Is v composite?
True
Let s(y) = -y**2 + 9*y - 7. Let g be s(8). Let u be g*330 + (3 - 4 - -4). Let d = -192 + u. Is d a prime number?
False
Is -25 + 792666 - (-4 + 8) a prime number?
True
Is 36349*((-1)/(-2))/((-102)/12 + 9) a prime number?
False
Let y(c) = -1 - 24 + 6 + 3*c**2 - 58*c. Is y(-12) a composite number?
False
Let q = 210708 - 112215. Is q prime?
False
Let f(v) = -4*v**2 - 30*v + 1. Let j be f(-7). Let z be (24/j)/(12/30). Suppose -1697 = -5*x - z*k, 5*k + 1819 = 4*x + 486. Is x a prime number?
True
Let y(l) be the second derivative of 35*l**4/12 - 2*l**3/3 + l**2/2 + 8*l. Let q = -48 - -46. Is y(q) a composite number?
False
Let t(m) = 11*m**2 + 6*m - 13. Let l be t(6). Let b(v) = -501*v**2 + 1. Let h be b(-1). Let z = l - h. Is z prime?
True
Is 8 + 133894 + 15 - (1 - 3) a composite number?
False
Suppose 0 = -12*p + 63 - 3. Suppose z = k + 21487, 107435 = p*z - 3*k + 4*k. Is z prime?
True
Suppose 0 = 24*j - 23838911 - 13321417. Is j composite?
False
Suppose -3 = -l - 2*q, 0 = -q + 6*q + 5. Let m be ((-787)/3)/(10/(-210)*7). Suppose -l*d + 6*d = m. Is d a composite number?
False
Suppose 0 = 51667*f - 51649*f - 2538198. Is f composite?
True
Let u(y) = -y**3 + 13*y**2 - 10*y + 6. Let t be u(4). Suppose 0 = 2*c + 3*m - t, c - 3*m - 35 = 29. Is c composite?
True
Let u = 5923 + -1821. Suppose 0 = -13*l + 27*l - u. Is l composite?
False
Let o be (-12)/2*-1379*4/(-84). Let t = o - -713. Is t prime?
False
Suppose 21*n = 243 + 1857. Suppose -104*u + n*u + 41948 = 0. Is u a composite number?
False
Let f(c) = 97*c - 13. Let x = 69 - 54. Let s = x + -3. Is f(s) a composite number?
False
Let m be -5*(-3)/9*3. Suppose -2*t - 948 = -3*s + m*s, 5*s = -4*t - 2367. Let l = s - -806. Is l composite?
True
Suppose -5*w - 7 = -s - 5, 5*s - 10 = -w. Suppose w = -3*g - 2*g - 2*q + 40, -3*g + 2*q = -40. Is (-16)/20 + 1 + 6768/g a prime number?
True
Suppose -16 = -2*o - 6. Suppose 0 = 5*i - 10*i - 2*j + 22, 0 = 2*i - 3*j - o. Suppose 5*s + i*w - 92 = s, 5*w - 27 = -s. Is s a composite number?
True
Suppose -23 = -2*k - 21. Let c(h) = -h. Let n(j) = 163*j - 13. Let a(u) = k*n(u) - 5*c(u). Is a(3) prime?
True
Let y(b) = 4138*b**2 + 251*b + 9. Is y(-6) composite?
True
Let l = 4732 - 1007. Suppose 35*u = 30*u + l. Is u a prime number?
False
Let q(d) be the second derivative of 17*d**3/3 + 99*d**2/2 + 27*d + 3. Is q(13) composite?
False
Suppose -c + 3*d + 8 = 0, 4*c = 5*d - 0*d + 18. Suppose -3005 - 1317 = -c*x. Is x composite?
False
Let f(z) = 49*z**2 + 142*z - 897. Is f(22) composite?
False
Is (-3 - -4)/(142/45418274) a prime number?
False
Let q = 6933 - -10690. Is q a composite number?
False
Let n be 6315/4 + (-2)/